site?
True
Let p = 51 + 3. Suppose 0 = 54*s - 51*s - 6. Suppose s*c - 4*w - 738 = 0, 3*c + w - p = 1060. Is c prime?
False
Let i(h) = 10035*h - 416. Is i(3) composite?
True
Suppose 0*p - 2*p - 4*t + 6 = 0, -t = -3*p + 9. Suppose 5*z - 2031 = 4*n, n = 4*z + p*n - 1604. Suppose 5*h = 2302 + z. Is h composite?
False
Let m(h) = 19*h**3 + 2*h**2 - h. Let i be 72/33 + (-2)/11. Let a be m(i). Is ((-4)/8)/((-1)/a) a prime number?
True
Let d = 4526 + -2495. Is d composite?
True
Let t be (5 - 4 - -3) + -3. Is 17308*(t/(-4) + 6/12) a prime number?
True
Let i be (-1)/((0 + 1)/744). Let m(g) = -2*g**2 + 24*g + 57. Let s be m(14). Is -1 - i/(3 + s) composite?
True
Let g(m) = 2665*m + 82. Is g(7) composite?
True
Let h(c) = -19*c**2 - c - 29. Let s(r) = r. Let y(w) = -h(w) - 6*s(w). Is y(-10) composite?
False
Let i(v) = 469*v + 73. Is i(4) a prime number?
True
Let h = -11062 - -23673. Is h prime?
True
Is 18 - 20 - -31*19 prime?
True
Let q = -379 - -2169. Suppose -4*d = -3*d + 5*z - 1796, -d - 3*z + q = 0. Is d a prime number?
False
Let m(z) = -3*z + 82*z**2 + 13 + 0*z - 51*z**2. Is m(4) composite?
True
Suppose 2*f = -4*i + 9058, -2*f = -21*i + 17*i - 9074. Is f prime?
False
Let g = 2 + 1. Suppose g*q - 8 = q. Is 266/((q - 2) + 0) a prime number?
False
Let k(m) = -m**2 - 7*m - 1. Let s be -2 - (2 + 2 + 1). Let r be k(s). Let q(f) = -118*f + 1. Is q(r) a prime number?
False
Suppose -741 = 3*o + 1269. Let b = o - -2513. Is b a prime number?
False
Let a be 6/2 + (-585)/5. Let r = 222 + a. Suppose r = -3*t + 651. Is t a composite number?
False
Suppose -3*d + 4*y - 22378 = 0, -4*d + 4*y + 5489 - 35321 = 0. Let m = d + 14049. Is m a composite number?
True
Let k(o) = -7*o**3 - 28*o**2 - 36*o + 4. Let j(d) = d**3 + d**2. Let u(t) = 6*j(t) + k(t). Is u(-21) composite?
True
Let g(n) = 8*n**3 - 12*n**2 + 6*n - 14. Let d be g(8). Suppose -3*y + r = -2*y - 670, -5*y + r = -d. Is y prime?
True
Let p be 4/(-8) - (-4375)/2. Let m = p - 626. Is m composite?
True
Let k(n) = 161*n**2 + 19*n + 41. Is k(10) a composite number?
True
Let n = -6960 - -21331. Is n prime?
False
Let a(g) = g**3 - 28*g**2 + 31*g + 21. Is a(28) prime?
False
Let y(b) = b**2 - 16*b - 18. Let x be y(10). Let r = 265 + x. Is r a prime number?
False
Suppose -3*u + 8163 = 3*b, -u + 5 = -0*u. Suppose b = 6*q - 2*q. Is q a composite number?
True
Let b = -24 + 23. Let v(g) = g. Let s be v(2). Is s*b - (-95 + 0) prime?
False
Suppose -11*l + 12*l - 57774 = -2*n, -5*l + 28869 = n. Is n composite?
True
Suppose -16*t = 42*t - 8062. Is t a prime number?
True
Suppose k - 2*w - 2051 = 0, 2944 + 3241 = 3*k + 2*w. Is k a prime number?
False
Let v = 1 + -5. Let f(d) = -8*d**2 - 11*d + 8. Let i(k) = k**2 - 2*k + 1. Let t(r) = -f(r) + 6*i(r). Is t(v) composite?
True
Suppose 4*y - 4*a - 30660 = 0, 0 = -4*y - 2*a - 9526 + 40210. Is y prime?
True
Let m = 780 + -417. Suppose -h + m - 22 = 0. Let s = -214 + h. Is s a composite number?
False
Suppose -2*z + 77 + 3 = 0. Let n be ((-96)/5)/(10/(-75)). Suppose 4*x = -m - 3*m + n, -3*x = -m + z. Is m composite?
False
Suppose -m - 2 = -9. Let b(u) = m + 2*u - 2*u + 6*u**2 + u**3 - 4*u**2. Is b(0) composite?
False
Is 1 + -1 + 3835 + -7 + 3 prime?
False
Suppose 2*r - 181 = 12717. Is r composite?
False
Suppose -2*v - 2*l + 547 = -1005, 3*v - 4*l = 2293. Suppose v = 4*p - 245. Suppose 2*k = 4*k - p. Is k composite?
False
Is (-14494)/(-4) + (2 + 1)/(-6) composite?
False
Suppose 18*n + 312 = -8*n. Let s(l) = 2*l**2 - 5 + 2*l**3 - 3*l**3 - 12*l**2 + 12*l. Is s(n) prime?
True
Is (-19997 + -17)*2/(-4) prime?
True
Let p(f) = 25*f**2 + 13*f + 10. Is p(8) a prime number?
False
Let n(g) = g + 9. Let v be n(-6). Suppose 34 = -v*c - z + 5*z, 4*c = 4*z - 44. Is (-216)/c + 2/5 composite?
True
Is ((-8516)/10 - 0)/(11/(-55)) prime?
False
Suppose -8 - 2 = -5*h. Suppose 3*u - g = 383, 3*u - 385 = h*g - 0*g. Is u composite?
False
Let b = 321 - 125. Suppose -b = -2*z + 42. Is z a prime number?
False
Suppose 0 = 43*g - 27*g - 895184. Is g a prime number?
True
Let i be (-1 + 1)/((-34)/17). Suppose i = -r + 20 + 23. Is r prime?
True
Is -1 - ((-25)/125 + (-17949)/5) a composite number?
True
Let z(d) = 2*d - 7. Let r be z(8). Suppose 11*m = r*m + 2626. Is m prime?
False
Suppose 0 = -y - q, 3*y - 5*q = y + 21. Suppose y*a - 264 = 6*a. Let b = a + 155. Is b composite?
False
Let o = -1938 - -6253. Is o composite?
True
Let v = -8740 - -14499. Is v composite?
True
Let l be 3/(-5) + 27/45. Suppose l = -3*w + 2*w + 5*f + 835, -w = 4*f - 799. Is w prime?
False
Suppose 2*i = -4*z + 1548 + 1342, 2*i + 3*z - 2888 = 0. Is i prime?
False
Let u(g) = 2*g**2 + 16*g + 7. Let n be ((-9)/(-6))/(15/(-40)). Let w = -12 + n. Is u(w) prime?
True
Suppose 7*f - 2971 = 1866. Is f composite?
False
Suppose 0 = -8*b + 10*b - 8. Let x(s) = 14*s**2 + 5*s - 5. Is x(b) prime?
True
Let w = -49107 - -88856. Is w composite?
False
Let c = 19237 - 1294. Is c a prime number?
False
Let v = -353 - -103. Let t = v - -3052. Is t/3 - (-3 + 0) a prime number?
True
Is 4/26 - ((-11755)/65 + -6) a prime number?
False
Let h = 20257 + 2809. Suppose -9*f = -h - 415. Is f composite?
False
Suppose 7*b + 12 = 10*b. Suppose z + 2304 = c, 6*c - 11523 = c + b*z. Is c composite?
True
Suppose -3*a = 6, -5*b = -4*b - 2*a - 7. Suppose 2*f - f = 399. Suppose b*z + 4*u - f = 2*z, -15 = 3*u. Is z composite?
False
Suppose 5*z + 58 = 8. Let x be 968/5 + z/(-25). Is (10 + -6)*x/4 prime?
False
Suppose 0 = q - j - 28339, 5*q + 4*j - 76685 = 65046. Is q a composite number?
True
Suppose -3*u - 3*u = 78. Let k = u - -80. Is k composite?
False
Let j(c) be the second derivative of -13/6*c**3 + 0 + 7*c**2 - 7*c. Is j(-5) a composite number?
False
Let u = -576 + 1231. Let l be 3276/(-8)*8/(-3). Let h = l - u. Is h a prime number?
False
Let t(y) = 2*y + 4. Let p be t(3). Suppose p*j = 8*j + 6. Suppose -j*k = -4*u - 0*u + 100, -3*u - k = -62. Is u composite?
True
Suppose -91*l + 36714 = -85*l. Is l composite?
True
Suppose 7*r + 10 = 5*k + 3*r, -4*r = -4*k + 8. Let q be ((-3)/9)/(k/(-12)). Suppose -q*z = 5*c - 140, -3*c - 4*z + 98 = -0*c. Is c a prime number?
False
Let x(n) = -n**3 + 11*n**2 + 15*n + 1. Let s be 0*-3*2/12. Suppose s = -6*u + 38 + 34. Is x(u) prime?
True
Suppose 28 + 44 = 4*r. Is ((-4)/(-6))/(r/15849) prime?
True
Suppose -4*c = -5*c - 3*c. Let n(x) = x**2 + 6*x + 2. Let q be n(-6). Suppose c*v - 154 = -q*v. Is v prime?
False
Let f(a) be the third derivative of a**5/4 + a**4/8 - a**3/6 - 16*a**2. Suppose 2*v + 4*g + 4 = 0, 4*g + 0 = -3*v + 2. Is f(v) composite?
False
Let w be 814*(-7 - -3)/(-8). Let v = w + -284. Is v prime?
False
Suppose x = -x + 6, -5*i = -x + 18. Let v(u) = 27*u**2 - 2*u + 4. Is v(i) composite?
True
Let o be (0/1)/(-6 + 5). Suppose o = 5*d + 9 - 24. Suppose -2*c - 6*t + 3*t + 394 = 0, -t = -d*c + 569. Is c composite?
False
Is (1471/(-6))/((-1)/30*5) a composite number?
False
Let k be 4/10 - (-34)/(-10). Let w be (22/k)/((-6)/27). Let h = -11 + w. Is h a composite number?
True
Suppose -2*y - 8 + 18 = 0. Suppose -3*d = -5*v + 197, -y*v = 5*d - 0*d - 165. Suppose -4*z + 415 = -v. Is z a prime number?
True
Let g = 74 + -70. Suppose -2*y - g*n - 43 + 169 = 0, -n - 141 = -2*y. Is y prime?
False
Let o(q) = 3*q**2 - 9. Let i be o(-9). Suppose 96 = 2*m - i. Suppose -3*j = -2*r + 77, -2*j - m = -5*r - 0*j. Is r a composite number?
False
Suppose -5*u - 16800 = -4*f + 1936, -2*f - u = -9354. Is f composite?
False
Let i(s) = 6084*s + 115. Is i(6) prime?
False
Let t(z) = 58*z + 18861. Is t(0) a composite number?
True
Suppose 106*m = 101*m + 18205. Is m composite?
True
Suppose 3*c + 2*c = 35. Suppose 448 = -6*z + c*z. Suppose 5*y = -a + 1113, 6*a = -2*y + 7*a + z. Is y composite?
False
Suppose 0 = -25*w - 9*w + 437002. Is w composite?
False
Suppose 0 = -3*s - 3*s. Suppose s = m + 12 - 16. Suppose -5*w + 2*l + 2783 = -0*l, m*l = 2*w - 1110. Is w prime?
True
Suppose -3*j = z - 1007, 0 = 4*z + 4. Suppose -4*k + 1013 = -r - j, 2*k = -5*r + 669. Is k prime?
True
Let u = 8 + -5. Suppose 0 = -5*t + 2*t + 3. Suppose u*d = t + 338. Is d composite?
False
Let f = -1 + 3. Suppose 3*u = -f*u. Suppose r + 4*r - 75 = u. Is r composite?
True
Let i(p) = 6*p + 5971. Is i(0) prime?
False
Let x be 608/12 + 1 - (-6)/(-9). Suppose -x*j = -55*j + 268. Is j prime?
True
Suppose 0 = 3*m - 5*d -